hen 8 is divided by t.
0
Let z(q) be the third derivative of q**5/20 - q**4/24 - 3*q**2. Let l be z(-1). Let s(x) = 6*x + 2. Calculate the remainder when s(l) is divided by 14.
12
Suppose 4*h + 3*u + 0 = 9, 0 = -3*h - 5*u + 4. What is the remainder when h - (-6 - (-4 + 2)) is divided by 5?
2
Let q(l) = l + 32. What is the remainder when q(11) is divided by 22?
21
Suppose -k + 116 = 3*k. Calculate the remainder when 85 is divided by k.
27
Suppose 0 = -5*c + 5*s + 125, -2*c + 58 = -2*s - 2*s. What is the remainder when 104 is divided by c?
20
Let r(x) = -x**3 - 5*x**2 + 5*x + 7. Let l be ((-12)/(-15))/(2/(-15)). Let a = 43 + -7. Calculate the remainder when a is divided by r(l).
10
Suppose 7*x + 24 = 3*x. Suppose -q = q + 2*p - 20, 3*q + 4*p = 35. Calculate the remainder when q is divided by -3 + 2 + x/(-2).
1
Let x = -31 - -56. Suppose 0 = -a - m + 5, -a = 4*a - 3*m - 9. Suppose -b - o = -9, -8*b + a*b + 4*o = -81. What is the remainder when x is divided by b?
12
Suppose -2*t - 3*t - n = -42, 5*t - 3*n - 34 = 0. Calculate the remainder when 58*(1/2)/1 is divided by t.
5
Let n be (4 + -4)/(-3*1). Suppose 5*s + 2*l + n*l = 19, 17 = 5*s + l. Suppose -z + 20 = 4*z. Calculate the remainder when z is divided by s.
1
Let d be 6*8 + (2 - 0). Suppose 3*j - 16 = d. What is the remainder when 87 is divided by j?
21
Let t = 8 + 5. Let q = -86 + 123. Calculate the remainder when q is divided by t.
11
Let t = 3 - 5. Let u be t/(-6) - (-118)/6. Suppose -4*b = -u, 0*s + 3*s - b - 34 = 0. Calculate the remainder when 24 is divided by s.
11
Suppose -86 + 31 = -5*f + 3*t, -2*t + 52 = 3*f. Suppose -f = -c - 2. Calculate the remainder when c is divided by 7.
5
Suppose -18 = -2*b + 2*f, 8*b - 48 = 4*b - 2*f. Suppose -5*n - 12 - b = -3*v, -5*n = 4*v + 16. What is the remainder when 1 is divided by v?
0
Suppose -2*v - 2*v + 24 = 0. Suppose -9*p + 108 = 3*p. What is the remainder when p is divided by v?
3
Suppose 0 = 5*w - 2*m - 3*m, -2*m - 28 = 5*w. Let n(t) = -2*t - 4. Let h be n(w). Suppose h*c = -1 + 37. Calculate the remainder when c is divided by 5.
4
Let r(v) = -4*v - 1. Let s be r(3). Let i = s + 36. Calculate the remainder when 90 is divided by i.
21
Let j be (-4)/22 - (-79)/11. Suppose 72 = j*r - 3*r. What is the remainder when 34 is divided by r?
16
Suppose 47 - 5 = 7*z. What is the remainder when z is divided by 2?
0
Let q be -3 + (-3 - -9) + -66. Calculate the remainder when (2 - q/1)*1 is divided by 22.
21
Suppose 2*t = -3*t + 290. What is the remainder when t is divided by (-10)/4*(-7 + 3/3)?
13
Suppose 4*r - 140 = -4*o, -3*o + 2*r + 75 = -30. Calculate the remainder when 103 is divided by o.
33
Let m(k) = -k**2 - k + 17. Let f be m(0). Suppose f + 35 = 4*x. What is the remainder when 25 is divided by x?
12
Suppose -7*p + 3*p - 4 = 0. Let l be (-1)/1*(p + -6). Let w = l + -1. What is the remainder when w is divided by 4?
2
Suppose 3*k = 7*k - 48. Let y(f) = 6*f - 1. Let j(z) = 12*z - 3. Let l(b) = 2*j(b) - 5*y(b). Calculate the remainder when l(-4) is divided by k.
11
Let y(z) = 17*z + 57. What is the remainder when y(4) is divided by 44?
37
Suppose 0 = b - 173 + 101. What is the remainder when b is divided by 25?
22
Let g = -59 - -64. Calculate the remainder when 9 is divided by g.
4
Suppose 0 = -2*c - 4*q + 130, 4*q = c - 4*c + 195. Let x = c - 42. Suppose 3*s = 9 + 27. What is the remainder when x is divided by s?
11
Let p(z) be the second derivative of z**4/12 - z**3/2 - 4*z. What is the remainder when p(-3) is divided by 10?
8
Suppose -7 + 1 = -d. Suppose -d*w + 5*w = -20. What is the remainder when w is divided by 11?
9
Let o(p) = -2*p + 20. Let l(d) = -4*d. What is the remainder when l(-1) is divided by o(9)?
0
Suppose -h = -2*h + v + 81, 5*h - 397 = 3*v. Suppose -48 = -5*z + h. What is the remainder when z is divided by 14?
11
Suppose -4*n - 140 + 632 = 0. Calculate the remainder when n is divided by 21.
18
Let c(u) = -2*u**2 - 2*u + 4*u**2 + 0*u + 3*u**2. Calculate the remainder when c(2) is divided by 6.
4
Suppose 5*o - 676 - 304 = 0. Suppose h - o = -h. Calculate the remainder when h is divided by 25.
23
Let s(l) = -10*l - 19. What is the remainder when s(-6) is divided by 14?
13
Let o be (2/3)/((-6)/(-99)). Let m = 21 - o. Calculate the remainder when m is divided by 4.
2
Suppose 9*z + 36 = 12*z. Calculate the remainder when 59 is divided by z.
11
Let j(t) = t + 1. What is the remainder when 25 is divided by j(13)?
11
Let o(m) = -12*m**3 - 2*m**2 + m + 2. Suppose 9 = -3*n, 0*n = -2*b - 2*n - 2. What is the remainder when 2/b - -14*3 is divided by o(-1)?
10
Let j(m) = -m**2 - 13*m + 6. Let n = -29 - -18. Calculate the remainder when j(n) is divided by 10.
8
Suppose -3*n - 5*p + 49 = 0, 2*n + 2*p - p - 35 = 0. Suppose 3*m - n = -3*g, 2*m - 4 = -3*g - g. Calculate the remainder when 18 is divided by m.
8
Calculate the remainder when 11 is divided by 1 + 1 - (-3 - (-6)/3).
2
Let i(y) = -3*y + 18. Calculate the remainder when i(-6) is divided by 6.
0
Let u(t) = -t**3 - 3*t**2 + 6*t - 2. Let c be 26 - 1/(-3)*-3. Let d = 35 - c. Calculate the remainder when u(-5) is divided by d.
8
Suppose -p = 4*b - 37, 0 = -p - p - 6. Suppose 8 = 4*o - 4. What is the remainder when b is divided by o?
1
Suppose 5*d = -a - 23, -3*a + 3*d = -a - 19. What is the remainder when 12 is divided by (5/4)/(a/8)?
2
Let s = -30 - -33. Calculate the remainder when 9 is divided by s.
0
Suppose 302 = 71*k - 69*k. What is the remainder when k is divided by 39?
34
Suppose -2*h = -10, -h - 150 = 5*r - 3*h. Let o = 29 + r. Calculate the remainder when 4 is divided by o.
0
What is the remainder when 178 is divided by (2 - 82/(-4))*(7 - 5)?
43
Let g(f) be the first derivative of f**3/3 - 2*f**2 + 3. Suppose 2*l - 6 = 10. Calculate the remainder when g(7) is divided by l.
5
Let v = 3 - -11. Suppose 4*u + z - 160 = 0, 2*u - 2*z = u + 49. What is the remainder when u is divided by v?
13
Suppose -2*c = n - 3 - 27, 5*n - 126 = -4*c. What is the remainder when n is divided by 9?
4
Suppose -9*q = -4*q - 185. What is the remainder when q is divided by 4?
1
Let x(r) = 17*r. Let v be 8/3 - (-6)/(-9). What is the remainder when x(v) is divided by 18?
16
Let k = 99 - 94. What is the remainder when 11 is divided by k?
1
Let n = 22 - 5. Let b(j) = 10*j + 2. What is the remainder when b(3) is divided by n?
15
Let j(u) = 12*u**2 - 5*u + 5. Calculate the remainder when j(2) is divided by 13.
4
Let h(z) = -z**2 - 6*z + 4. Let t be h(-7). Calculate the remainder when -11*(t + (1 - 3)) is divided by 14.
13
Let l(r) = -r - 10. Let k be l(-8). Let b = k - -4. Suppose -53 = -5*j + b. What is the remainder when j is divided by 4?
3
Let h = 3 + 2. What is the remainder when 14 is divided by h?
4
Let v = 83 + -72. What is the remainder when 41 is divided by v?
8
What is the remainder when -4 + (28/4 - -3) is divided by 4?
2
Let j(u) = -2*u**3 - 2*u + 19. Let o = 7 + -2. What is the remainder when j(0) is divided by o?
4
Let o = 1 - -2. Let u = 6 - o. Suppose -2*a + a = -u. What is the remainder when a is divided by 2?
1
Let g(d) be the first derivative of 2 + 3/2*d**2 - 7*d. What is the remainder when 49 is divided by g(8)?
15
Suppose 3*x - 97 = 20. What is the remainder when x is divided by 10?
9
Let x(f) = -f**3 - 8*f**2 - 2*f - 2. Let n = -4 + -4. Calculate the remainder when 27 is divided by x(n).
13
Let h(o) = -7*o - 2. Let t be h(-4). Let i(r) = -r**3 - 6*r**2 + r + 8. Let j be i(-6). Suppose -j*g + 12 = -t. Calculate the remainder when g is divided by 10.
9
Let j(d) = 4*d. Let t be j(-2). Let x = 80 - 90. Let b = t - x. What is the remainder when 7 is divided by b?
1
Let r(d) = d - 6. Let v be r(6). Suppose 4*m - 74 - 54 = v. Calculate the remainder when m is divided by 11.
10
Suppose -b + 5*b = 104. Let o = 11 + -11. Suppose -s + 5*s - 56 = o. What is the remainder when b is divided by s?
12
Let x be (0 + 1)*(-3 - -6). Suppose z = -4*v + 4*z + 60, x*v - 5*z - 56 = 0. What is the remainder when v is divided by 7?
5
Let y be 3/(-9) + 2/6. Suppose l + l + 76 = y. Let m = l + 56. Calculate the remainder when 53 is divided by m.
17
Suppose 2*t + 14 = 54. What is the remainder when t is divided by 7?
6
Let z = -3 + 6. Let f(b) = b**2 + 18*b + 20. Let w be f(-17). Suppose -2*n + 3*y = 6*y - z, 3*n = -w*y